{"id":704,"date":"2013-08-30T11:23:34","date_gmt":"2013-08-30T11:23:34","guid":{"rendered":"https:\/\/cinemascop.eu\/2013\/?page_id=704"},"modified":"2013-09-02T07:18:13","modified_gmt":"2013-09-02T07:18:13","slug":"cu-papa-la-psihiatru","status":"publish","type":"page","link":"https:\/\/cinemascop.eu\/2013\/filme\/cu-papa-la-psihiatru\/","title":{"rendered":"CU PAPA LA PSIHIATRU"},"content":{"rendered":"<div class=\"title\"><h2>CU PAPA LA PSIHIATRU \/ HABEMUS PAPAM (2011) &#8211; comedie <\/h2><\/div>\n<p>scenariul: NanniMoretti, Francesco Piccolo, Federica Pontremoli<br \/>\nregia: Nanni Moretti<br \/>\nimaginea: Alessandro Pesci<br \/>\n104\u2019<\/p>\n<div class=\"flexslider\"><ul class=\"slides\">\n<li class=\"image\"><img src=\" https:\/\/cinemascop.eu\/2013\/wp-content\/uploads\/2013\/08\/film8_1.jpg\" alt=\"\" \/><\/li>\n<li class=\"image\"><img src=\" https:\/\/cinemascop.eu\/2013\/wp-content\/uploads\/2013\/08\/film8_2.jpg\" alt=\"\" \/><\/li>\n<li class=\"image\"><img src=\" https:\/\/cinemascop.eu\/2013\/wp-content\/uploads\/2013\/08\/film8_3.jpg\" alt=\"\" \/><\/li>\n<\/ul><\/div>\n<p>Dup\u0103 moartea Papei, Conclavul se reune\u015fte pentru a alege succesorul. Mai multe runde de vot sunt necesare \u00eenainte de a se ridica fumul alb. \u00cen cele din urm\u0103, un cardinal este ales! Credincio\u015fii aduna\u0163i \u00een Place Saint-Pierre a\u015fteapt\u0103 \u00eens\u0103 \u00een zadar apari\u0163ia \u00een balcon a noului pontif.Noul Pap\u0103, proasp\u0103t-ales, pare s\u0103 nu poat\u0103 duce greutatea noii responsabilit\u0103\u0163i. Anxietate? Depresie? Frica de a nu se ridica la \u00een\u0103l\u0163imea sarcinilor care \u00eel a\u015fteapt\u0103? \u00centreaga lume este afectat\u0103 de incertitudine, \u00een timp ce la Vatican se caut\u0103 solu\u0163ii pentru a dep\u0103\u015fi criza&#8230;Consilierii papali nu \u00eel pot convinge c\u0103 el este omul potrivit si \u00een cele din urm\u0103 apeleaz\u0103 la un psihanalist celebru, dar ateu.<\/p>\n<p><b>9 premii \u0219i 1<\/b><b>2 nominaliz\u0103ri<\/b>:Cannes Film Festival, Globul de Aur, Argentinean Film Critics Association Awards, Dabvid di Donatellor Awards, European Film Award, Italian National Syndicate\u00a0 of Film Journalist etc.<\/p>\n<p>\u201eAdev\u0103ratul Palme d&#8217;Or la Cannes 2011<i>, Habemus Papam, <\/i>irezistibila comedie de la Vatican \u015fimelancolia unui Nanni Moretti, \u00eentr-o stare de gra\u0163ie&#8230;&#8221; <b>(TRANSFUGE)<\/b><\/p>\n<p>\u201eNu numai c\u0103 <i>Habemus Papam <\/i>nu este nicidecum ceea ce te a\u015ftep\u0163i s\u0103 fie, dar el men\u0163ine echilibrulperfect \u00eentre comedie &#8211; cardinalii, prezenta\u0163i ca ni\u015fte copii mari, particip\u0103 la un turneu de volei \u00een a\u015fteptarea \u00eentoarcerii liderului lor evadat &#8211; \u015fi melancolia personificat\u0103 de Piccoli, sup\u0103r\u0103tor de vulnerabil.&#8221; (<b>LE PARISIEN)<\/b><\/p>\n<p>O od\u0103 inspirat\u0103 de libertatea individual\u0103, o reflec\u0163ie caustic\u0103 despre capriciile puterii,ocritic\u0103 ironic\u0103 a psihanalizei, un amestec foarte subtil de umor \u015fi melancolie.&#8221; <b>(MARIANNE<\/b>)<\/p>\n<p><strong>Distribu\u021bia:<\/strong> Michel PICCOLI Nanni MORETTI Jerzy STUHR Ren a to SCARPA Franco GRAZIOSI Margherita BUY<\/p>\n","protected":false},"excerpt":{"rendered":"<p>scenariul: NanniMoretti, Francesco Piccolo, Federica Pontremoli regia: Nanni Moretti imaginea: Alessandro Pesci 104\u2019 Dup\u0103 moartea Papei, Conclavul se reune\u015fte pentru a alege succesorul. Mai multe runde de vot sunt necesare \u00eenainte de a se ridica fumul alb. \u00cen cele din urm\u0103, un cardinal este ales! Credincio\u015fii aduna\u0163i \u00een Place Saint-Pierre a\u015fteapt\u0103 \u00eens\u0103 \u00een zadar apari\u0163ia \u00een balcon a noului pontif.Noul Pap\u0103, proasp\u0103t-ales, pare s\u0103 nu poat\u0103 duce greutatea noii responsabilit\u0103\u0163i. Anxietate? Depresie? Frica de a nu se ridica la \u00een\u0103l\u0163imea sarcinilor care \u00eel a\u015fteapt\u0103? \u00centreaga lume este afectat\u0103 de incertitudine, \u00een timp ce la Vatican se caut\u0103 solu\u0163ii pentru a dep\u0103\u015fi criza&#8230;Consilierii papali nu \u00eel pot convinge c\u0103 el este omul potrivit si \u00een cele din urm\u0103 apeleaz\u0103 la un psihanalist celebru, dar ateu. 9 premii \u0219i 12 nominaliz\u0103ri:Cannes Film Festival, Globul de Aur, Argentinean Film Critics Association Awards, Dabvid di Donatellor Awards, European Film Award, Italian National Syndicate\u00a0 of Film Journalist etc. \u201eAdev\u0103ratul Palme d&#8217;Or la Cannes 2011, Habemus Papam, irezistibila comedie de la Vatican \u015fimelancolia unui Nanni Moretti, \u00eentr-o stare de gra\u0163ie&#8230;&#8221; (TRANSFUGE) \u201eNu numai c\u0103 Habemus Papam nu este nicidecum ceea ce te a\u015ftep\u0163i s\u0103 fie, dar el men\u0163ine echilibrulperfect \u00eentre comedie &#8211; cardinalii, prezenta\u0163i ca ni\u015fte copii mari, particip\u0103 la un turneu de volei \u00een a\u015fteptarea \u00eentoarcerii liderului lor evadat &#8211; \u015fi melancolia personificat\u0103 de Piccoli, sup\u0103r\u0103tor de vulnerabil.&#8221; (LE PARISIEN) O od\u0103 inspirat\u0103 de libertatea individual\u0103, o reflec\u0163ie caustic\u0103 despre capriciile puterii,ocritic\u0103 ironic\u0103 a psihanalizei, un amestec foarte subtil de umor \u015fi melancolie.&#8221; (MARIANNE) Distribu\u021bia: Michel PICCOLI Nanni MORETTI Jerzy STUHR Ren a to SCARPA Franco GRAZIOSI Margherita BUY<\/p>\n","protected":false},"author":4,"featured_media":0,"parent":730,"menu_order":8,"comment_status":"open","ping_status":"closed","template":"side-navigation.php","meta":[],"_links":{"self":[{"href":"https:\/\/cinemascop.eu\/2013\/wp-json\/wp\/v2\/pages\/704"}],"collection":[{"href":"https:\/\/cinemascop.eu\/2013\/wp-json\/wp\/v2\/pages"}],"about":[{"href":"https:\/\/cinemascop.eu\/2013\/wp-json\/wp\/v2\/types\/page"}],"author":[{"embeddable":true,"href":"https:\/\/cinemascop.eu\/2013\/wp-json\/wp\/v2\/users\/4"}],"replies":[{"embeddable":true,"href":"https:\/\/cinemascop.eu\/2013\/wp-json\/wp\/v2\/comments?post=704"}],"version-history":[{"count":5,"href":"https:\/\/cinemascop.eu\/2013\/wp-json\/wp\/v2\/pages\/704\/revisions"}],"predecessor-version":[{"id":987,"href":"https:\/\/cinemascop.eu\/2013\/wp-json\/wp\/v2\/pages\/704\/revisions\/987"}],"up":[{"embeddable":true,"href":"https:\/\/cinemascop.eu\/2013\/wp-json\/wp\/v2\/pages\/730"}],"wp:attachment":[{"href":"https:\/\/cinemascop.eu\/2013\/wp-json\/wp\/v2\/media?parent=704"}],"curies":[{"name":"wp","href":"https:\/\/api.w.org\/{rel}","templated":true}]}}