{"id":719,"date":"2013-08-30T11:29:17","date_gmt":"2013-08-30T11:29:17","guid":{"rendered":"https:\/\/cinemascop.eu\/2013\/?page_id=719"},"modified":"2013-08-31T09:20:14","modified_gmt":"2013-08-31T09:20:14","slug":"minciuni-adevarate","status":"publish","type":"page","link":"https:\/\/cinemascop.eu\/2013\/filme\/minciuni-adevarate\/","title":{"rendered":"MINCIUNI ADEV\u0102RATE"},"content":{"rendered":"<div class=\"title\"><h2>MINCIUNI ADEV\u0102RATE \/ DE VRAIS MENSONGES (2010) &#8211; comedie<\/h2><\/div>\n<p>scenariul: Pierre Salvadori \u0219i Benoit Graffin<br \/>\nregia: Pierre Salvadori<br \/>\n105\u2019<\/p>\n<div class=\"flexslider\"><ul class=\"slides\">\n<li class=\"image\"><img src=\" https:\/\/cinemascop.eu\/2013\/wp-content\/uploads\/2013\/08\/film10_1.jpg\" alt=\"\" \/><\/li>\n<li class=\"image\"><img src=\" https:\/\/cinemascop.eu\/2013\/wp-content\/uploads\/2013\/08\/film10_2.jpg\" alt=\"\" \/><\/li>\n<li class=\"image\"><img src=\" https:\/\/cinemascop.eu\/2013\/wp-content\/uploads\/2013\/08\/film10_3.jpg\" alt=\"\" \/><\/li>\n<\/ul><\/div>\n<p><!-- [slider] [slide] https:\/\/cinemascop.eu\/2013\/wp-content\/uploads\/2013\/03\/film1_in_ceata_1.jpg[\/slide] [slide] https:\/\/cinemascop.eu\/2013\/wp-content\/uploads\/2013\/03\/film1_in_ceata_2.jpg[\/slide] [slide] https:\/\/cinemascop.eu\/2013\/wp-content\/uploads\/2013\/03\/film1_in_ceata_3.jpg[\/slide] [\/slider] --><\/p>\n<p>\u00centr-o diminea\u0163\u0103 de prim\u0103var\u0103, Emilie prime\u015fte o scrisoare de dragoste anonim\u0103, frumoas\u0103 \u015fi inspirat\u0103. O arunc\u0103 la co\u015ful de gunoi, dar peste pu\u021bin timp o ia \u00eenapoi. \u00ce\u0219i d\u0103 seama c\u0103 asta poate fi calea de a o \u201ctrezi la via\u0163\u0103\u201d pe mama ei, singur\u0103 \u015fi trist\u0103 dup\u0103 ce fusese p\u0103r\u0103sit\u0103 de so\u0163. Far\u0103 s\u0103 ezite prea mult, retrimite scrisoarea mamei sale. Emilie nu \u015ftie \u00eens\u0103 c\u0103 autorul ei este Jean, timidul s\u0103u angajat. Nici nu se g\u00e2nde\u015fte c\u0103 gestul ei va crea o serie de \u00eencurc\u0103turi \u015fi ne\u00een\u0163elegeri, de care cur\u00e2nd vor fi cople\u015fi\u021bi to\u021bi.<\/p>\n<p>Audrey are o tehnic\u0103 incredibil\u0103 \u015fi suficient\u0103 putere pentru a nu l\u0103sa aceast\u0103 tehnic\u0103 s\u0103 o domine.Ea are m\u0103iestria necesar\u0103 de a fi amuzant\u0103, f\u0103r\u0103 a fi comic\u0103. \u015ei modestia. Pentru a juca comedie trebuie s\u0103 pui m\u00e2ndria de-o parte, s\u0103 nu ar\u0103\u0163i, nici m\u0103car discret, c\u0103 e\u015fti mai inteligent decat personajul. Trebuie s\u0103 fii foarte &#8220;natural&#8221; \u00een situa\u0163ii neverosimile. \u015ei cred c\u0103 de la \u00eenceput am\u00e2ndoi am avut \u00een minte acela\u0219i film. Audrey a \u00een\u0163eles exact unde vreau s\u0103 ajung \u015fi m-a ajutat.<br \/>\n<b>Pierre Salvadori<\/b><\/p>\n<p>This film had all the potential ingredients of a great romantic comedy: attractive and talented actors, wonderful romantic setting and flashes of genuine charm and wit, however it suffers mostly from a noticeably acerbic streak and predictablestoryline.<b>Myfrenchlife.org<\/b><\/p>\n<p><strong>Distribu\u021bia :<\/strong> Audrey Tautou, Nathalie Baye, Sami Bouajila, St\u00e9phanie Lagarde, Judith Chemla, C\u00e9cile Boland, Didier Brice<\/p>\n","protected":false},"excerpt":{"rendered":"<p>scenariul: Pierre Salvadori \u0219i Benoit Graffin regia: Pierre Salvadori 105\u2019 \u00centr-o diminea\u0163\u0103 de prim\u0103var\u0103, Emilie prime\u015fte o scrisoare de dragoste anonim\u0103, frumoas\u0103 \u015fi inspirat\u0103. O arunc\u0103 la co\u015ful de gunoi, dar peste pu\u021bin timp o ia \u00eenapoi. \u00ce\u0219i d\u0103 seama c\u0103 asta poate fi calea de a o \u201ctrezi la via\u0163\u0103\u201d pe mama ei, singur\u0103 \u015fi trist\u0103 dup\u0103 ce fusese p\u0103r\u0103sit\u0103 de so\u0163. Far\u0103 s\u0103 ezite prea mult, retrimite scrisoarea mamei sale. Emilie nu \u015ftie \u00eens\u0103 c\u0103 autorul ei este Jean, timidul s\u0103u angajat. Nici nu se g\u00e2nde\u015fte c\u0103 gestul ei va crea o serie de \u00eencurc\u0103turi \u015fi ne\u00een\u0163elegeri, de care cur\u00e2nd vor fi cople\u015fi\u021bi to\u021bi. Audrey are o tehnic\u0103 incredibil\u0103 \u015fi suficient\u0103 putere pentru a nu l\u0103sa aceast\u0103 tehnic\u0103 s\u0103 o domine.Ea are m\u0103iestria necesar\u0103 de a fi amuzant\u0103, f\u0103r\u0103 a fi comic\u0103. \u015ei modestia. Pentru a juca comedie trebuie s\u0103 pui m\u00e2ndria de-o parte, s\u0103 nu ar\u0103\u0163i, nici m\u0103car discret, c\u0103 e\u015fti mai inteligent decat personajul. Trebuie s\u0103 fii foarte &#8220;natural&#8221; \u00een situa\u0163ii neverosimile. \u015ei cred c\u0103 de la \u00eenceput am\u00e2ndoi am avut \u00een minte acela\u0219i film. Audrey a \u00een\u0163eles exact unde vreau s\u0103 ajung \u015fi m-a ajutat. Pierre Salvadori This film had all the potential ingredients of a great romantic comedy: attractive and talented actors, wonderful romantic setting and flashes of genuine charm and wit, however it suffers mostly from a noticeably acerbic streak and predictablestoryline.Myfrenchlife.org Distribu\u021bia : Audrey Tautou, Nathalie Baye, Sami Bouajila, St\u00e9phanie Lagarde, Judith Chemla, C\u00e9cile Boland, Didier Brice<\/p>\n","protected":false},"author":4,"featured_media":0,"parent":730,"menu_order":10,"comment_status":"open","ping_status":"closed","template":"side-navigation.php","meta":[],"_links":{"self":[{"href":"https:\/\/cinemascop.eu\/2013\/wp-json\/wp\/v2\/pages\/719"}],"collection":[{"href":"https:\/\/cinemascop.eu\/2013\/wp-json\/wp\/v2\/pages"}],"about":[{"href":"https:\/\/cinemascop.eu\/2013\/wp-json\/wp\/v2\/types\/page"}],"author":[{"embeddable":true,"href":"https:\/\/cinemascop.eu\/2013\/wp-json\/wp\/v2\/users\/4"}],"replies":[{"embeddable":true,"href":"https:\/\/cinemascop.eu\/2013\/wp-json\/wp\/v2\/comments?post=719"}],"version-history":[{"count":5,"href":"https:\/\/cinemascop.eu\/2013\/wp-json\/wp\/v2\/pages\/719\/revisions"}],"predecessor-version":[{"id":722,"href":"https:\/\/cinemascop.eu\/2013\/wp-json\/wp\/v2\/pages\/719\/revisions\/722"}],"up":[{"embeddable":true,"href":"https:\/\/cinemascop.eu\/2013\/wp-json\/wp\/v2\/pages\/730"}],"wp:attachment":[{"href":"https:\/\/cinemascop.eu\/2013\/wp-json\/wp\/v2\/media?parent=719"}],"curies":[{"name":"wp","href":"https:\/\/api.w.org\/{rel}","templated":true}]}}