{"id":915,"date":"2013-08-31T07:51:46","date_gmt":"2013-08-31T07:51:46","guid":{"rendered":"https:\/\/cinemascop.eu\/2013\/?page_id=915"},"modified":"2013-09-04T07:52:01","modified_gmt":"2013-09-04T07:52:01","slug":"cine-zice-ala-este","status":"publish","type":"page","link":"https:\/\/cinemascop.eu\/2013\/descarca-materiale\/cine-zice-ala-este\/","title":{"rendered":"CINE ZICE, \u0102LA ESTE"},"content":{"rendered":"<div class=\"title\"><h2>CINE ZICE, \u0102LA ESTE \/ MINE VAGANTI (2010) &#8211; comedie<\/h2><\/div>\n<p>scenariul Buch Ivan Cotroneo \u015fi Ferzan Ospetek<br \/>\nregia: Ferzan Ozpetek<br \/>\n110\u2019<br \/>\nDistribu\u0163ia: Nicole Grimaudo Alessandro Preziosi Ennio Fantastichini Lunetta Saviano Elena Sofia Ricci Maria Occhini Bianca Nappi Massimiliano Gallo Paola Minaccioni Emanuela Gabrieli Carolina Crescentini Giorgio Marchese Matteo Taranto Carmine Recano Daniela Pecci Gianluca De Marchi Mauro Bonaffini Gea Montigelli Crecenza Guarnieri<\/p>\n<div class=\"related-posts related-projects\"><div id=\"carousel\" class=\"clients-carousel es-carousel-wrapper\"><div class=\"es-carousel\"><ul>\n<li><a href=\"https:\/\/cinemascop.eu\/2013\/download\/7_cine_zice_ala_este\/7_cine_zice_ala_este_1.zip\" target=\"\"><img src=\"https:\/\/cinemascop.eu\/2013\/wp-content\/uploads\/2013\/08\/7_cine_zice_ala_este_1.jpg\" alt=\"\" \/><\/a><\/li>\n<li><a href=\"https:\/\/cinemascop.eu\/2013\/download\/7_cine_zice_ala_este\/7_cine_zice_ala_este_2.zip\" target=\"\"><img src=\"https:\/\/cinemascop.eu\/2013\/wp-content\/uploads\/2013\/08\/7_cine_zice_ala_este_2.jpg\" alt=\"\" \/><\/a><\/li>\n<li><a href=\"https:\/\/cinemascop.eu\/2013\/download\/7_cine_zice_ala_este\/7_cine_zice_ala_este_3.zip\" target=\"\"><img src=\"https:\/\/cinemascop.eu\/2013\/wp-content\/uploads\/2013\/08\/7_cine_zice_ala_este_3.jpg\" alt=\"\" \/><\/a><\/li>\n<\/ul><\/div><\/div><\/div>\n<div class=\"related-posts related-projects\"><div id=\"carousel\" class=\"clients-carousel es-carousel-wrapper\"><div class=\"es-carousel\"><ul>\n<li><a href=\"https:\/\/cinemascop.eu\/2013\/download\/7_cine_zice_ala_este\/7_cine_zice_ala_este_4.zip\" target=\"\"><img src=\"https:\/\/cinemascop.eu\/2013\/wp-content\/uploads\/2013\/08\/7_cine_zice_ala_este_4.jpg\" alt=\"\" \/><\/a><\/li>\n<li><a href=\"https:\/\/cinemascop.eu\/2013\/download\/7_cine_zice_ala_este\/7_cine_zice_ala_este_5.zip\" target=\"\"><img src=\"https:\/\/cinemascop.eu\/2013\/wp-content\/uploads\/2013\/08\/7_cine_zice_ala_este_5.jpg\" alt=\"\" \/><\/a><\/li>\n<li><a href=\"https:\/\/cinemascop.eu\/2013\/download\/7_cine_zice_ala_este\/7_cine_zice_ala_este_6.zip\" target=\"\"><img src=\"https:\/\/cinemascop.eu\/2013\/wp-content\/uploads\/2013\/08\/7_cine_zice_ala_este_6.jpg\" alt=\"\" \/><\/a><\/li>\n<\/ul><\/div><\/div><\/div>\n<div class=\"alert general\"><div class=\"msg\">Click pe o imagine de mai sus pentru a\u00a0 descarca la o rezolutie mai mare<\/div><a href=\"#\" class=\"toggle-alert\">Toggle<\/a><\/div>\n<p>&nbsp;<\/p>\n<p>Tommaso este cel mai t\u00e2n\u0103r membru al unei familii numeroase, care produce paste f\u0103inoase \u00een Puglia. Familia Cantone \u00eenseamn\u0103 Stefania, mama, o femeie iubitoare, prins\u0103 \u00een conven\u0163iile clasei de mijloc; un tat\u0103 irascibil, Vincenzo, care are speran\u0163e mari pentru copii s\u0103i; excentrica m\u0103tu\u015f\u0103 Luciana; bunica rebel\u0103, care \u00eenc\u0103 t\u00e2nje\u015fte la dragostea ei pierdut\u0103; Elena, sora lui Tommaso, o gospodin\u0103 frustrat\u0103, \u015fi Antonio, fratele lor, care lucreaz\u0103 la fabrica de paste f\u0103inoase. Ast\u0103zi, clanul s-a adunat la o mas\u0103 festiv\u0103 \u00een familie\u00a0 pentru a s\u0103rb\u0103tori predarea conducerii fabricii lui Antonio. Nimeni nu b\u0103nuie\u015fte c\u0103 Tommaso s-a hot\u0103r\u00e2t s\u0103 profite de prezen\u0163a tuturor pentru a-i anun\u0163a c\u0103 este homosexual. Atmosfer\u0103 festiv\u0103, familia a\u015fezat\u0103 \u00een jurul mesei, este momentul ca Tommaso s\u0103 m\u0103rturiseasc\u0103, \u00eens\u0103 Antonio \u00eel \u00eentrerupe brusc: spre surprinderea tuturor \u015fi groaza general\u0103 a familiei, Antonio face o confesiune \u2013este homosexual. \u00cen culmea furiei, Vincenzo \u00eel d\u0103 afar\u0103 din cas\u0103 pe Antonio, primul s\u0103u n\u0103scut \u015fi succesorul lui la fabrica de paste, care se pare c\u0103 iube\u015fte b\u0103rba\u0163ii, \u015fi jur\u0103 s\u0103 nu mai aiba nimic de-a face cu el vreodat\u0103. Dup\u0103 care Vincenzo se pr\u0103bu\u015fe\u015fte \u00een fa\u0163a familiei sale r\u0103mase f\u0103r\u0103 cuvinte. \u015ei astfel, conducerea fabricii cade pe umerii lui Tommaso, care avea cu totul alte planuri, \u00eei era dor de iubitul s\u0103u si de via\u0163a lor la Roma, \u00eens\u0103 cum ar putea m\u0103rturisi familiei \u015fi partea lui de adev\u0103r, f\u0103r\u0103 s\u0103 \u00eei pun\u0103 tat\u0103lui s\u0103u via\u0163a \u00een pericol? Vizita-surpriz\u0103 a prietenilor lui de la Roma va scoate la suprafa\u0163\u0103 secretele familiei, unele total \u015focante, \u00een aceast\u0103 comedie cald\u0103 \u015fi emo\u0163ionant\u0103.<\/p>\n<p>5 premii \u015fi 8 nominaliz\u0103ri: Tribeca Film Festival, Italian National Syndicate of Film Journalist, European Film Award, David di Donatello Awards<\/p>\n<p>FerzanOzpetek,regizor<br \/>\nBiografie<\/p>\n<p>N\u0103scut \u00een 1959, la Istanbul, Ferzan Ozpetek pleac\u0103 \u00een 1976 la Roma pentru a studia istoria filmului.<br \/>\nS-a educat ca regizor de film \u015fi, ulterior, a colaborat cu grupul Living Teather. A urmat o perioad\u0103 \u00een care a fost asistent de regie, \u00een specialpentru produc\u0163ii de televiziune. Filmul s\u0103u de debut, \u201cIl Bagno Turco\u201d, a rulat \u00een cadrul Quinzaine des R\u00e9alisateurs, la Cannes, \u00een 1996 \u015fi a devenit un succes interna\u0163ional. Al treilea s\u0103u lungmetraj, \u201cLa Fate Ignorante\u201d, a fost selec\u0163ionat pentru Competi\u0163ia oficial\u0103 a festivalului de la Berlin, \u00een 2001, a c\u00e2\u015ftigat trei Globuri de Aur, urmate de Premiul pentru cel mai bun film la New York Gay and Lesbian Film Festival \u015fi a fost pe primele locuri \u00een box-officeul italian.<br \/>\nMine Vaganti\u201c a avut, de asemenea, premiera la Berlin, anul trecut.<\/p>\n<p>Filmografie<br \/>\n1997 IL BAGNO TURCO<br \/>\n1999 HAREM SUAR\u00c9<br \/>\n2001 LA FATE IGNORANTI<br \/>\n2003 LA FINESTRADI FRONTE<br \/>\n2005 CUORESACRO<br \/>\n2007 SATURNO CONTRO<br \/>\n2008 UN GIORNO PERFETTO<br \/>\n2010 MINE VAGANT<\/p>\n<p>Cum \u015fi Vaticanul e la doi pa\u015fi, e complicat de scos pe tapet o chestiune, \u00eenc\u0103 at\u00e2t de delicat\u0103. Chiar dac\u0103 se strecoar\u0103 printre replici aproape subliminal ideea c\u0103 \u00een Italia jum\u0103tate din popula\u0163ie ar fi bisexual\u0103, adic\u0103 \u015fi, \u015fi&#8230; Mama tradi\u0163ionalist\u0103 mai sper\u0103 c\u0103 e o boal\u0103, care se poate vindeca, \u015fi \u00eencearc\u0103 s\u0103 g\u0103seasc\u0103 tot felul de justific\u0103ri \u015fi amintiri l\u0103muritoare. Plimbarea pe malul m\u0103rii, dar \u015fi s\u0103rutul neconven\u0163ional o s\u0103 st\u00e2rneasc\u0103 alt\u0103 cascad\u0103 de comentarii. Se r\u00e2de mult, adesea m\u00e2nze\u015fte, iar sinuciderea aleas\u0103 de unul dintre personaje este una \u00eensp\u0103im\u00e2nt\u0103toare \u015fi c\u00e2t se poate de nea\u015fteptat\u0103. Ca s\u0103 nu piard\u0103 spiritul \u00eendr\u0103gitei \u201eCizme&#8221; suntem plimba\u0163i \u015fi \u00eentr-o fabric\u0103 de paste, despre care afl\u0103m detalii delicioase.<br \/>\nIrina Margareta Nistor, <i>Rom\u00e2nia liber\u0103<\/i><\/p>\n","protected":false},"excerpt":{"rendered":"<p>scenariul Buch Ivan Cotroneo \u015fi Ferzan Ospetek regia: Ferzan Ozpetek 110\u2019 Distribu\u0163ia: Nicole Grimaudo Alessandro Preziosi Ennio Fantastichini Lunetta Saviano Elena Sofia Ricci Maria Occhini Bianca Nappi Massimiliano Gallo Paola Minaccioni Emanuela Gabrieli Carolina Crescentini Giorgio Marchese Matteo Taranto Carmine Recano Daniela Pecci Gianluca De Marchi Mauro Bonaffini Gea Montigelli Crecenza Guarnieri &nbsp; Tommaso este cel mai t\u00e2n\u0103r membru al unei familii numeroase, care produce paste f\u0103inoase \u00een Puglia. Familia Cantone \u00eenseamn\u0103 Stefania, mama, o femeie iubitoare, prins\u0103 \u00een conven\u0163iile clasei de mijloc; un tat\u0103 irascibil, Vincenzo, care are speran\u0163e mari pentru copii s\u0103i; excentrica m\u0103tu\u015f\u0103 Luciana; bunica rebel\u0103, care \u00eenc\u0103 t\u00e2nje\u015fte la dragostea ei pierdut\u0103; Elena, sora lui Tommaso, o gospodin\u0103 frustrat\u0103, \u015fi Antonio, fratele lor, care lucreaz\u0103 la fabrica de paste f\u0103inoase. Ast\u0103zi, clanul s-a adunat la o mas\u0103 festiv\u0103 \u00een familie\u00a0 pentru a s\u0103rb\u0103tori predarea conducerii fabricii lui Antonio. Nimeni nu b\u0103nuie\u015fte c\u0103 Tommaso s-a hot\u0103r\u00e2t s\u0103 profite de prezen\u0163a tuturor pentru a-i anun\u0163a c\u0103 este homosexual. Atmosfer\u0103 festiv\u0103, familia a\u015fezat\u0103 \u00een jurul mesei, este momentul ca Tommaso s\u0103 m\u0103rturiseasc\u0103, \u00eens\u0103 Antonio \u00eel \u00eentrerupe brusc: spre surprinderea tuturor \u015fi groaza general\u0103 a familiei, Antonio face o confesiune \u2013este homosexual. \u00cen culmea furiei, Vincenzo \u00eel d\u0103 afar\u0103 din cas\u0103 pe Antonio, primul s\u0103u n\u0103scut \u015fi succesorul lui la fabrica de paste, care se pare c\u0103 iube\u015fte b\u0103rba\u0163ii, \u015fi jur\u0103 s\u0103 nu mai aiba nimic de-a face cu el vreodat\u0103. Dup\u0103 care Vincenzo se pr\u0103bu\u015fe\u015fte \u00een fa\u0163a familiei sale r\u0103mase f\u0103r\u0103 cuvinte. \u015ei astfel, conducerea fabricii cade pe umerii lui Tommaso, care avea cu totul alte planuri, \u00eei era dor de iubitul s\u0103u si de via\u0163a lor la Roma, \u00eens\u0103 cum ar putea m\u0103rturisi familiei \u015fi partea lui de adev\u0103r, f\u0103r\u0103 s\u0103 \u00eei pun\u0103 [&hellip;]<\/p>\n","protected":false},"author":4,"featured_media":0,"parent":805,"menu_order":7,"comment_status":"open","ping_status":"closed","template":"side-navigation.php","meta":[],"_links":{"self":[{"href":"https:\/\/cinemascop.eu\/2013\/wp-json\/wp\/v2\/pages\/915"}],"collection":[{"href":"https:\/\/cinemascop.eu\/2013\/wp-json\/wp\/v2\/pages"}],"about":[{"href":"https:\/\/cinemascop.eu\/2013\/wp-json\/wp\/v2\/types\/page"}],"author":[{"embeddable":true,"href":"https:\/\/cinemascop.eu\/2013\/wp-json\/wp\/v2\/users\/4"}],"replies":[{"embeddable":true,"href":"https:\/\/cinemascop.eu\/2013\/wp-json\/wp\/v2\/comments?post=915"}],"version-history":[{"count":5,"href":"https:\/\/cinemascop.eu\/2013\/wp-json\/wp\/v2\/pages\/915\/revisions"}],"predecessor-version":[{"id":1017,"href":"https:\/\/cinemascop.eu\/2013\/wp-json\/wp\/v2\/pages\/915\/revisions\/1017"}],"up":[{"embeddable":true,"href":"https:\/\/cinemascop.eu\/2013\/wp-json\/wp\/v2\/pages\/805"}],"wp:attachment":[{"href":"https:\/\/cinemascop.eu\/2013\/wp-json\/wp\/v2\/media?parent=915"}],"curies":[{"name":"wp","href":"https:\/\/api.w.org\/{rel}","templated":true}]}}