{"id":920,"date":"2013-08-31T07:53:58","date_gmt":"2013-08-31T07:53:58","guid":{"rendered":"https:\/\/cinemascop.eu\/2013\/?page_id=920"},"modified":"2013-09-02T09:21:56","modified_gmt":"2013-09-02T09:21:56","slug":"starbuck","status":"publish","type":"page","link":"https:\/\/cinemascop.eu\/2013\/descarca-materiale\/starbuck\/","title":{"rendered":"STARBUCK"},"content":{"rendered":"<div class=\"title\"><h2>STARBUCK (2011) \u00a0&#8211; comedie<\/h2><\/div>\n<p>scenariul: Martin Petit \u0219i Ken Scott<br \/>\nregia: Ken Scott<br \/>\nimaginea: Pierre Gill<br \/>\n109\u2019<br \/>\nDistribu\u021bia Patrick Huard, Julie LeBreton, Antoine Bertrand, Dominic Philie, Marc B\u00e9langer, Igor Ovadis, David Micha\u00ebl, Patrick Martin, David Gigu\u00e8re, Sarah-Jeanne Labrosse, Pierre Mailloux, Patrick Labb\u00e9, Marie-France Lambert<\/p>\n<div class=\"related-posts related-projects\"><div id=\"carousel\" class=\"clients-carousel es-carousel-wrapper\"><div class=\"es-carousel\"><ul>\n<li><a href=\"https:\/\/cinemascop.eu\/2013\/download\/9_starbuck\/9_starbuck_1.zip\" target=\"\"><img src=\"https:\/\/cinemascop.eu\/2013\/wp-content\/uploads\/2013\/08\/9_starbuck_1.jpg\" alt=\"\" \/><\/a><\/li>\n<li><a href=\"https:\/\/cinemascop.eu\/2013\/download\/9_starbuck\/9_starbuck_2.zip\" target=\"\"><img src=\"https:\/\/cinemascop.eu\/2013\/wp-content\/uploads\/2013\/08\/9_starbuck_2.jpg\" alt=\"\" \/><\/a><\/li>\n<li><a href=\"https:\/\/cinemascop.eu\/2013\/download\/9_starbuck\/9_starbuck_3.zip\" target=\"\"><img src=\"https:\/\/cinemascop.eu\/2013\/wp-content\/uploads\/2013\/08\/9_starbuck_3.jpg\" alt=\"\" \/><\/a><\/li>\n<\/ul><\/div><\/div><\/div>\n<div class=\"related-posts related-projects\"><div id=\"carousel\" class=\"clients-carousel es-carousel-wrapper\"><div class=\"es-carousel\"><ul>\n<li><a href=\"https:\/\/cinemascop.eu\/2013\/download\/9_starbuck\/9_starbuck_4.zip\" target=\"\"><img src=\"https:\/\/cinemascop.eu\/2013\/wp-content\/uploads\/2013\/08\/9_starbuck_4.jpg\" alt=\"\" \/><\/a><\/li>\n<li><a href=\"https:\/\/cinemascop.eu\/2013\/download\/9_starbuck\/9_starbuck_5.zip\" target=\"\"><img src=\"https:\/\/cinemascop.eu\/2013\/wp-content\/uploads\/2013\/08\/9_starbuck_5.jpg\" alt=\"\" \/><\/a><\/li>\n<li><a href=\"https:\/\/cinemascop.eu\/2013\/download\/9_starbuck\/9_starbuck_6.zip\" target=\"\"><img src=\"https:\/\/cinemascop.eu\/2013\/wp-content\/uploads\/2013\/08\/9_starbuck_6.jpg\" alt=\"\" \/><\/a><\/li>\n<\/ul><\/div><\/div><\/div>\n<div class=\"alert general\"><div class=\"msg\">Click pe o imagine de mai sus pentru a\u00a0 descarca la o rezolutie mai mare<\/div><a href=\"#\" class=\"toggle-alert\">Toggle<\/a><\/div>\n<p>&nbsp;<\/p>\n<p>David Wozniak (interpretat de Patrick Huard) \u00a0are 42 de ani \u015fi este fiul unor emigran\u0163i polonezi \u00een Canada, acum proprietarii unei modeste m\u0103cel\u0103rii din Quebec, unde acesta lucreaz\u0103 al\u0103turi de fra\u0163ii s\u0103i.<\/p>\n<p>David este genul boem, ve\u015fnic nematurizat, care fuge de responsabilit\u0103\u0163i. La serviciu nu este chiar angajatul model, are o prieten\u0103 dar nu locuiesc \u00eenc\u0103 \u00eempreun\u0103 \u015fi mai are o datorie de 80.000 $ la ni\u015fte c\u0103m\u0103tari care \u00eel caut\u0103 o dat\u0103 pe s\u0103pt\u0103m\u00e2n\u0103.<\/p>\n<p>\u00cen acest concurs de \u00eemprejur\u0103ri, David afl\u0103 ni\u015fte lucruri care \u00eei schimb\u0103 total cursul vie\u0163ii. \u00cendelungata sa activitate ca donator de sperm\u0103, sub pseudonimul <i>Starbuck<\/i>, de c\u00e2nd avea 20 de ani, se pare c\u0103 l-a calificat ast\u0103zi \u00een postura de t\u0103tic a 533 de copii. Din care 142 s-au constituit \u00eentr-un grup care au ac\u0163ionat \u00een judecat\u0103 clinica de fertilitate pentru ca aceasta s\u0103 le divulge identitatea din spatele pseudonimului <i>Starbuck<\/i>. Pe scurt, copiii ajun\u015fi azi la v\u00e2rsta de 20 de ani vor s\u0103-\u015fi cunoasc\u0103 tat\u0103l natural. \u00cen plus, prietena sa \u00eei comunic\u0103 faptul c\u0103 a r\u0103mas \u00eens\u0103rcinat\u0103.<\/p>\n<p>De unde vine ideea nebun\u0103 a unui donator de sperm\u0103 cu sute de copii? Numele filmului canadian despre donatorul care se ascunde sub pseudonimul \u201cStarbuck\u201d este \u00eentr-adev\u0103r inspirat din realitate. A existat \u00eentr-adev\u0103r un caz \u201cStarbuck\u201d \u00een Canada, un exemplar excep\u0163ional din punct de vedere al dot\u0103rilor genetice, exemplar care a revolu\u0163ionat industria insemin\u0103rilor artificiale din Canada \u015fi SUA \u00een perioada anilor \u201880-\u201990.<\/p>\n<p>Pe numele complet <b>Hanoverhill Starbuck<\/b> (1979 &#8211; 1998), acesta a fost descoperit de c\u0103tre doi exper\u0163i de la \u201cCentrul de inseminare artificial\u0103 din Quebec\u201d (CIAQ) la o ferm\u0103 din Ontario, Canada. Exemplarul a fost achizi\u0163ionat pe loc \u015fi astfel a \u00eenceput legenda lui <b>Starbuck<\/b>, <b>cel mai bun taur de s\u0103m\u00e2n\u0163\u0103<\/b> pe care industria insemin\u0103rii artificiale din Quebec l-a avut \u00een toat\u0103 istoria ei.<\/p>\n<p>Dou\u0103 \u00eentreb\u0103ri ni s-au pus \u00een mod special \u00een perioada de lansare a filmului: 1) exist\u0103 vreo leg\u0103tur\u0103 \u00eentre numele Starbuck \u015fi binecunoscutul lan\u0163 de cafenele cu nume asem\u0103n\u0103tor? \u015ei 2) filmul se bazeaz\u0103 pe un fapt real sau nu? Dac\u0103 r\u0103spunsul la prima \u00eentrebare este un NU clar, la punctul al doilea r\u0103spunsul corect este un \u201chot\u0103r\u00e2t\u201d DA \u015fi NU.<\/p>\n<p>&nbsp;<\/p>\n<p><b>Cine este adev\u0103ratul \u201cStarbuck\u201d, sursa de inspira\u0163ie pentru film?<\/b><\/p>\n<p>Numele filmului canadian despre donatorul care se ascunde sub pseudonimul \u201cStarbuck\u201d este \u00eentr-adev\u0103r inspirat din realitate. A existat \u00eentr-adev\u0103r un caz \u201cStarbuck\u201d \u00een Canada, un exemplar excep\u0163ional din punct de vedere al dot\u0103rilor genetice, exemplar care a revolu\u0163ionat industria insemin\u0103rilor artificiale din Canada \u015fi SUA \u00een perioada anilor \u201880-\u201990.<\/p>\n<p>Pe numele complet <b>Hanoverhill Starbuck<\/b> (1979 &#8211; 1998), acesta a fost descoperit de c\u0103tre doi exper\u0163i de la \u201cCentrul de inseminare artificial\u0103 din Quebec\u201d (CIAQ) la o ferm\u0103 din Ontario, Canada. Exemplarul a fost achizi\u0163ionat pe loc \u015fi astfel a \u00eenceput legenda lui <b>Starbuck<\/b>, <b>cel mai bun taur de s\u0103m\u00e2n\u0163\u0103<\/b> pe care industria insemin\u0103rii artificiale din Quebec l-a avut \u00een toat\u0103 istoria ei.<\/p>\n<p>\u00cen \u00eentreaga sa carier\u0103 (19 ani), Starbuck a dat na\u015ftere la peste 200.000 de vite, a avut 209 de urma\u015fi masculi \u015fi 406 \u201cnepo\u0163i\u201d masculi. Excelenta sa \u00eenzestrare genetic\u0103, precum \u015fi rezultatele excep\u0163ionale la produc\u0163ia de lapte (a vitelor rezultate \u00een urma insemnin\u0103rii) au f\u0103cut ca sperma lui Starbuck s\u0103 fie cerut\u0103 pe toate pie\u0163ele lumii. Peste 685.000 de doze au fost v\u00e2ndute \u00een 45 de \u0163\u0103ri. Starbuck a c\u00e2\u015ftigat de 27 de ori titlul de \u201cPremier Sire\u201d (Cel mai bun taur) la cele mai importante concursuri Holstein din Canada \u015fi SUA.<\/p>\n<p>Entuziasma\u0163i de succesul lui <b>Hanoverhill Starbuck,<\/b> speciali\u015ftii canadieni l-au clonat, astfel c\u0103 \u00een anul 2000 a venit pe lume <b>Hanoverhill Starbuck II<\/b>. \u00centre timp \u00eens\u0103, \u015ftiin\u0163a a demonstrat c\u0103 clonarea nu este cea mai bun\u0103 metod\u0103 pentru transmiterea unui bagaj genetic de calitate. Iar legisla\u0163ia din Canada nu a autorizat niciodat\u0103 folosirea oficial\u0103 a \u201csemin\u0163ei\u201d provenite de la un taur clonat. \u00cen 2010, orice mo\u015ftenire genetic\u0103 (\u00een scopul clon\u0103rii) de la taurul Starbuck I a fost distrus\u0103, acest demers marc\u00eend sf\u00e2r\u015fitul erei clon\u0103rii \u00een acest domeniu.<\/p>\n<p>&nbsp;<\/p>\n<p><b>Alte detalii despre <i>Starbuck<\/i><\/b><\/p>\n<p><b>Regizorul Ken Scott.<\/b> Are 43 de ani \u015fi s-a n\u0103scut la Quebec. Primul s\u0103u scenariu pentru un lungmetraj a fost <a href=\"http:\/\/www.imdb.com\/title\/tt0211103\/\">La vie apr\u00e8s l\u2019amour<\/a>, \u00een regia lui Gabriel Pelletier (\u015fi \u00een care a ap\u0103rut \u015fi Patrick Huard din <i>Starbuck)<\/i>. Un debut de carier\u0103 absolut spectaculos.<br \/>\nPrimul s\u0103u film a primit 5 nominaliz\u0103ri \u015fi premii <b>Jutra <\/b>(echivalentul Oscar-ului \u00een Quebec) \u00een 2001, inclusiv \u201cCel mai bun scenariu\u201d. A luat \u201cBiletul de aur\u201d &#8211; <i>bestbox office<\/i> \u00een Quebec, precum \u015fi \u201cPremiul publicului\u201d la Festivalul de comedie Just for Laugh. Nu \u00een ultimul r\u00e2nd a fost de dou\u0103 ori nominalizat la Genie Awards (echivalentul Oscar-urilor din Canada) \u00een 2001.<\/p>\n<p><b><i>Starbuck<\/i><\/b><b> &#8211; <i>remake<\/i>-ul american.<\/b> Acum, Ken Scott este \u00een post-produc\u0163ie cu un <i>remake <\/i>\u00een limba englez\u0103 al lui <i>Starbuck<\/i>. Filmul se va numi <a href=\"http:\/\/www.imdb.com\/title\/tt2387559\/\"><b>The Delivery Man<\/b><\/a>, este produs de Dreamworks \u015fi vor juca <a href=\"http:\/\/www.imdb.com\/name\/nm0000681\/\"><b>Vince Vaughn<\/b><\/a> \u00een rolul lui Starbuck, <a href=\"http:\/\/www.imdb.com\/name\/nm1130627\/\">Cobie Smothers<\/a> \u015fi <a href=\"http:\/\/www.imdb.com\/name\/nm0695435\">Chris Pratt<\/a>. Filmul este programat pentru luna noiembrie \u00een SUA.<\/p>\n<p><b><i>Vezi originalul canadian \u00eenainte s\u0103 apar\u0103 remake-ul american!<br \/>\nStarbuck &#8211; acum \u00een cinematografe<\/i><\/b><\/p>\n<p>\u00cen afara particip\u0103rii la festivalurile de la <b>Toronto<\/b> \u015fi <b>Palms Springs<\/b>, <i>Starbuck<\/i> a primit \u201cPremiul publicului\u201d la <b>Festivalul de Film de la Calgary<\/b>, apoi la cel de la Santa Barbara \u015fi de la Sonoma. Actorul principal, <b>Patrick Huard<\/b>, a ob\u0163inut premiul \u201cCel mai bun actor\u201d la Valladolid, Spania 2011 precum \u015fi premiul special al juriului la Festival de L\u2019Alpe d\u2019Huez, Fran\u0163a, 2012.<\/p>\n<p><i>Starbuck<\/i> a luat \u015fi \u201cGolden Reel\u201d, plus \u201cCel mai bun film\u201d, \u201cCel mai bun actor\u201d \u015fi \u201cCel mai bun scenariu original\u201d la <b>Genie Awards<\/b> (echivalentul Oscar-urilor din Canada) \u00een 2012.<\/p>\n<p><i>Starbuck<\/i> a mai fost proiectat \u015fi la Festivalul de Film de la Cambridge pe 15 septembrie 2012, la Quebec Film Festival din Londra pe 2 noiembrie, la <a href=\"http:\/\/2012.invernessfilmfestival.com\/\">Festivalul de Film de la Inverness<\/a>, Sco\u0163ia, pe 12 noiembrie, \u00een total: la peste 25 de festivaluri interna\u0163ionale, incluz\u00eend <b>TIFF 2012<\/b>.<\/p>\n<p>&nbsp;<\/p>\n<p><b>Patrick Huard \u00een rolul lui David Wozniak, alias \u201cStarbuck\u201d<\/b><\/p>\n<p><b>Patrick Huard<\/b> este actor, regizor, produc\u0103tor, scenarist, dar \u015fi un cunoscut comic \u015fi realizator de emisiuni din Canada. Are 44 de ani \u015fi deja a jucat \u00een peste 27 de filme (din care 15 lungmetraje) \u015fi a regizat trei.<\/p>\n<p>&nbsp;<\/p>\n<p>Cele mai cunoscute filme \u00een care a ap\u0103rut <b>Patrick Huard<\/b> sunt: <a href=\"http:\/\/www.imdb.com\/title\/tt0211103\/\"><i>Vie apr\u00e8s l&#8217;Amour<\/i><\/a> (2000), tot \u00een regia lui Ken Scott, cel care a semnat <i>Starbuck<\/i>, <a href=\"http:\/\/www.imdb.com\/title\/tt0380585\/\"><i>Nez Rouge\/ Red Nose<\/i><\/a> (2003), unde a avut rolul principal, <a href=\"http:\/\/www.imdb.com\/title\/tt0380732\/\"><i>Sur le Seuil<\/i><\/a> (2003), <a href=\"http:\/\/www.imdb.com\/title\/tt0396116\/\"><i>Maman Last Call<\/i><\/a> (2005), <a href=\"http:\/\/www.imdb.com\/title\/tt0385878\/\"><i>Monica la Mitraille<\/i><\/a> (2004), <a href=\"http:\/\/www.imdb.com\/title\/tt0986220\/\"><i>Cadavres<\/i><\/a>(2009), \u00een care a jucat al\u0103turi de Julie LeBreton, partenera sa din <i>Starbuck<\/i> \u015fi <a href=\"http:\/\/www.imdb.com\/title\/tt0479647\/\"><i>Bon Cop, Bad Cop<\/i><\/a> (2006). Pentru acesta din urm\u0103, Patrick Huard a scris \u015fi scenariul. <i>Bon Cop, Bad Cop<\/i> a devenit imediat \u00een Canada filmul cu cele mai mari v\u00e2nz\u0103ri din toate timpurile.<\/p>\n<p>Cele mai recente filme al sale, \u00een afar\u0103 de <i>Starbuck <\/i>(2011), sunt <a href=\"http:\/\/www.imdb.com\/title\/tt0981286\/\"><i>Funkytown<\/i><\/a>(2011), o poveste despre era disco din anii \u201870 din Montreal, \u015fi <a href=\"http:\/\/www.imdb.com\/title\/tt2229319\/\"><i>Omert\u00e0<\/i><\/a>(2012), un film poli\u0163ist despre mafia italian\u0103 din Montreal, unde <b>Huard <\/b>joac\u0103 rolul unui mafiot.<\/p>\n<p><b>Patrick Huard<\/b> este cunoscut publicului \u015fi de pe scenele spectacolelor de tip <i>one man show live<\/i>. \u00cen martie 2012, Huard se \u00eentoarce pe scen\u0103, dup\u0103 12 ani de pauz\u0103, pentru al treilea spectacol al s\u0103u intitulat \u201cLe Bonheur\u201d. Primele dou\u0103 show-uri s-au numit \u201c18 ans et plus\u201d \u015fi \u201cFace \u00e0 Face\u201d. De asemenea, de-a lungul timpului, Huard a mai ap\u0103rut \u00een mai multe gale \u201cJuste pour rire \/ Just for Laugh\u201d \u015fi \u00een piesa nominalizat\u0103 la Premiul Pulitzer <a href=\"http:\/\/en.wikipedia.org\/wiki\/Talk_Radio_(play)\">\u201cTalk Radio\u201d a lui Eric Bogosian<\/a>.<\/p>\n<p>La tv, <b>Patrick Huard<\/b> a devenit foarte apreciat pentru serialul <a href=\"http:\/\/www.imdb.com\/title\/tt0990421\/\"><i>Taxi 0-22<\/i><\/a>, pe care tot el l-a \u015fi produs \u015fi care a fost difuzat patru sezoane. Huard juca rolul unui taximetrist irascibil care ducea cu taxi-ul s\u0103u diferite personalit\u0103\u0163i cu care intra \u00een contact. Pentru acest rol a primit \u00a0Artis Trophy (echivalentul premiilor Emmy \u00een Quebec) \u00een 2008 \u015fi \u00een 2009, la sec\u0163iunea \u201cActor \u00eentr-o emisune de comedie\u201d. Huard a fost ales de c\u0103tre public \u201cPersonalitatea masculin\u0103 a anului\u201d \u00een 2009 \u015fi 2010.<\/p>\n<p>&#8212;&#8212;&#8212;&#8212;&#8212;&#8212;&#8212;&#8212;<\/p>\n<p>&nbsp;<\/p>\n<p><b>Julie Le Breton, partenera \u201cdonatorului Starbuck\u201d<\/b><\/p>\n<p>Partenera lui \u201cStarbuck\u201d (Patrick Huard) din filmul omonim este interpretat\u0103 de actri\u0163a canadian\u0103 Julie Le Breton. Julie a devenit celebr\u0103 pe plan interna\u0163ional dup\u0103 rolul din filmul <a href=\"http:\/\/www.imdb.com\/title\/tt0460505\/\"><i>The Rocket: The Legend of Rocket Richard \/ Maurice Richard<\/i><\/a> \u00a0(2005), povestea celui mai cunoscut hocheist canadian Maurice \u201cThe Rocket\u201d Richard. Pentru acest rol a primit premiul <b>Genie <\/b>(echivalentul Oscar-urilor \u00een Canada) \u015fi premiul <b>Jutra <\/b>(echivalentul Oscar-urilor \u00een Quebec) la categoria \u201cCea mai bun\u0103 actri\u0163\u0103 \u00een rol principal\u201d.<\/p>\n<p><a href=\"http:\/\/www.imdb.com\/name\/nm0495920\/\">Julie Le Breton<\/a> \u015fi-a \u00eenceput cariera \u00een serialul tv <a href=\"http:\/\/www.imdb.com\/title\/tt0318171\/\">Watatatow<\/a> (1990) \u015fi cea mai mare parte a activit\u0103\u0163ii sale actorice\u015fti a avut loc \u00een spectacole de televiziune.<\/p>\n<p>Cele mai recente lungmetraje \u00een care o ve\u0163i putea vedea sunt comedia <a href=\"http:\/\/www.imdb.com\/title\/tt2224307\/\"><i>Les Pee-Wee 3D: L\u2019hiver qui a change ma vie<\/i><\/a> (2012) \u015fi <a href=\"http:\/\/www.imdb.com\/title\/tt2472712\/\"><i>Exile<\/i><\/a>(2013), o dram\u0103 despre un adolescent din Haiti al c\u0103rui tat\u0103 este r\u0103pit, iar el trebuie s\u0103 c\u0103l\u0103toreasc\u0103 \u00een SUA \u015fi Canada pentru a-\u015fi g\u0103si mama.<\/p>\n<p>&nbsp;<\/p>\n<p><b>Antoine Bertrand, avocatul lui \u201cStarbuck\u201d<\/b><\/p>\n<p>Starbuck are un bun prieten care \u00eent\u00eempl\u0103tor este \u015fi avocat. Acesta este jucat de actorul <a href=\"http:\/\/www.imdb.com\/name\/nm1531116\/\">Antoine Bertrand<\/a>. Cunoscut publicului canadian din serialul <a href=\"http:\/\/www.imdb.com\/title\/tt0395842\/\">Les Bougon<\/a> (2004-2006).<\/p>\n<p>Pentru rolul din <i>Starbuck<\/i>, <b>Antoine Bertrand<\/b> a fost nominalizat la Premiul Genie \u015fi premiul Jutra, ambele nominaliz\u0103ri pentru categoria \u201cCel mai bun actor \u00een rol secundar\u201d.<\/p>\n","protected":false},"excerpt":{"rendered":"<p>scenariul: Martin Petit \u0219i Ken Scott regia: Ken Scott imaginea: Pierre Gill 109\u2019 Distribu\u021bia Patrick Huard, Julie LeBreton, Antoine Bertrand, Dominic Philie, Marc B\u00e9langer, Igor Ovadis, David Micha\u00ebl, Patrick Martin, David Gigu\u00e8re, Sarah-Jeanne Labrosse, Pierre Mailloux, Patrick Labb\u00e9, Marie-France Lambert &nbsp; David Wozniak (interpretat de Patrick Huard) \u00a0are 42 de ani \u015fi este fiul unor emigran\u0163i polonezi \u00een Canada, acum proprietarii unei modeste m\u0103cel\u0103rii din Quebec, unde acesta lucreaz\u0103 al\u0103turi de fra\u0163ii s\u0103i. David este genul boem, ve\u015fnic nematurizat, care fuge de responsabilit\u0103\u0163i. La serviciu nu este chiar angajatul model, are o prieten\u0103 dar nu locuiesc \u00eenc\u0103 \u00eempreun\u0103 \u015fi mai are o datorie de 80.000 $ la ni\u015fte c\u0103m\u0103tari care \u00eel caut\u0103 o dat\u0103 pe s\u0103pt\u0103m\u00e2n\u0103. \u00cen acest concurs de \u00eemprejur\u0103ri, David afl\u0103 ni\u015fte lucruri care \u00eei schimb\u0103 total cursul vie\u0163ii. \u00cendelungata sa activitate ca donator de sperm\u0103, sub pseudonimul Starbuck, de c\u00e2nd avea 20 de ani, se pare c\u0103 l-a calificat ast\u0103zi \u00een postura de t\u0103tic a 533 de copii. Din care 142 s-au constituit \u00eentr-un grup care au ac\u0163ionat \u00een judecat\u0103 clinica de fertilitate pentru ca aceasta s\u0103 le divulge identitatea din spatele pseudonimului Starbuck. Pe scurt, copiii ajun\u015fi azi la v\u00e2rsta de 20 de ani vor s\u0103-\u015fi cunoasc\u0103 tat\u0103l natural. \u00cen plus, prietena sa \u00eei comunic\u0103 faptul c\u0103 a r\u0103mas \u00eens\u0103rcinat\u0103. De unde vine ideea nebun\u0103 a unui donator de sperm\u0103 cu sute de copii? Numele filmului canadian despre donatorul care se ascunde sub pseudonimul \u201cStarbuck\u201d este \u00eentr-adev\u0103r inspirat din realitate. A existat \u00eentr-adev\u0103r un caz \u201cStarbuck\u201d \u00een Canada, un exemplar excep\u0163ional din punct de vedere al dot\u0103rilor genetice, exemplar care a revolu\u0163ionat industria insemin\u0103rilor artificiale din Canada \u015fi SUA \u00een perioada anilor \u201880-\u201990. Pe numele complet Hanoverhill Starbuck (1979 &#8211; 1998), [&hellip;]<\/p>\n","protected":false},"author":4,"featured_media":0,"parent":805,"menu_order":9,"comment_status":"open","ping_status":"closed","template":"side-navigation.php","meta":[],"_links":{"self":[{"href":"https:\/\/cinemascop.eu\/2013\/wp-json\/wp\/v2\/pages\/920"}],"collection":[{"href":"https:\/\/cinemascop.eu\/2013\/wp-json\/wp\/v2\/pages"}],"about":[{"href":"https:\/\/cinemascop.eu\/2013\/wp-json\/wp\/v2\/types\/page"}],"author":[{"embeddable":true,"href":"https:\/\/cinemascop.eu\/2013\/wp-json\/wp\/v2\/users\/4"}],"replies":[{"embeddable":true,"href":"https:\/\/cinemascop.eu\/2013\/wp-json\/wp\/v2\/comments?post=920"}],"version-history":[{"count":5,"href":"https:\/\/cinemascop.eu\/2013\/wp-json\/wp\/v2\/pages\/920\/revisions"}],"predecessor-version":[{"id":1040,"href":"https:\/\/cinemascop.eu\/2013\/wp-json\/wp\/v2\/pages\/920\/revisions\/1040"}],"up":[{"embeddable":true,"href":"https:\/\/cinemascop.eu\/2013\/wp-json\/wp\/v2\/pages\/805"}],"wp:attachment":[{"href":"https:\/\/cinemascop.eu\/2013\/wp-json\/wp\/v2\/media?parent=920"}],"curies":[{"name":"wp","href":"https:\/\/api.w.org\/{rel}","templated":true}]}}