{"id":1127,"date":"2013-09-02T15:26:48","date_gmt":"2013-09-02T15:26:48","guid":{"rendered":"https:\/\/cinemascop.eu\/2014\/?page_id=1127"},"modified":"2015-10-07T00:49:54","modified_gmt":"2015-10-07T00:49:54","slug":"targu-mures","status":"publish","type":"page","link":"https:\/\/cinemascop.eu\/2014\/program\/targu-mures\/","title":{"rendered":"T\u00c2RGU MURE\u0218"},"content":{"rendered":"<div class=\"title\"><h2>T\u00c2RGU MURE\u0218 \u2013 13-14 decembrie<\/h2><\/div>\n<p><img decoding=\"async\" loading=\"lazy\" class=\"alignnone size-full wp-image-1058\" style=\"border: 1px solid #d6d6d6;\" src=\"https:\/\/cinemascop.eu\/2014\/wp-content\/uploads\/2014\/Afise\/GFA_TG_MURES.jpg\" alt=\"T\u00e2rgu Mure\u0219\" width=\"423\" height=\"600\" \/><\/p>\n<div align=\"justify\">\nCINEMA ARTA<\/p>\n<span class=\"highlight1\">S\u00e2mb\u0103t\u0103, 13 decembrie<\/span>\n<p>Ora 18:00 \u2013 <strong>LEVIATHAN<\/strong>, r. Andrei Zviaghin\u021bev, Premiul pentru scenariu, Cannes 2014<br \/>\nOra 20:30 \u2013 <strong>LA JAULA DE ORO<\/strong>, r. Diego Quemada-D\u00edez, Premiul \u2018Un Certain Talent\u2019, Un Certain Regard, Cannes 2014<\/p>\n<span class=\"highlight1\">Duminic\u0103, 14 decembrie<\/span>\n<p>Ora 18:00 \u2013 <strong>MAPS TO THE STARS<\/strong>, r. David Cronenberg, Premiul pentru interpretare feminin\u0103, Cannes 2014<br \/>\nOra 20:30 \u2013 <strong>ONLY LOVERS LEFT ALIVE<\/strong>, r. Jim Jarmusch,  Competi\u021bie, Cannes 2013\n<\/div>\n","protected":false},"excerpt":{"rendered":"<p>CINEMA ARTA Ora 18:00 \u2013 LEVIATHAN, r. Andrei Zviaghin\u021bev, Premiul pentru scenariu, Cannes 2014 Ora 20:30 \u2013 LA JAULA DE ORO, r. Diego Quemada-D\u00edez, Premiul \u2018Un Certain Talent\u2019, Un Certain Regard, Cannes 2014 Ora 18:00 \u2013 MAPS TO THE STARS, r. David Cronenberg, Premiul pentru interpretare feminin\u0103, Cannes 2014 Ora 20:30 \u2013 ONLY LOVERS LEFT ALIVE, r. Jim Jarmusch, Competi\u021bie, Cannes 2013<\/p>\n","protected":false},"author":4,"featured_media":0,"parent":24,"menu_order":10,"comment_status":"open","ping_status":"closed","template":"side-navigation.php","meta":[],"_links":{"self":[{"href":"https:\/\/cinemascop.eu\/2014\/wp-json\/wp\/v2\/pages\/1127"}],"collection":[{"href":"https:\/\/cinemascop.eu\/2014\/wp-json\/wp\/v2\/pages"}],"about":[{"href":"https:\/\/cinemascop.eu\/2014\/wp-json\/wp\/v2\/types\/page"}],"author":[{"embeddable":true,"href":"https:\/\/cinemascop.eu\/2014\/wp-json\/wp\/v2\/users\/4"}],"replies":[{"embeddable":true,"href":"https:\/\/cinemascop.eu\/2014\/wp-json\/wp\/v2\/comments?post=1127"}],"version-history":[{"count":5,"href":"https:\/\/cinemascop.eu\/2014\/wp-json\/wp\/v2\/pages\/1127\/revisions"}],"predecessor-version":[{"id":1535,"href":"https:\/\/cinemascop.eu\/2014\/wp-json\/wp\/v2\/pages\/1127\/revisions\/1535"}],"up":[{"embeddable":true,"href":"https:\/\/cinemascop.eu\/2014\/wp-json\/wp\/v2\/pages\/24"}],"wp:attachment":[{"href":"https:\/\/cinemascop.eu\/2014\/wp-json\/wp\/v2\/media?parent=1127"}],"curies":[{"name":"wp","href":"https:\/\/api.w.org\/{rel}","templated":true}]}}