{"id":9,"date":"2013-03-16T18:38:06","date_gmt":"2013-03-16T18:38:06","guid":{"rendered":"https:\/\/cinemascop.eu\/2014\/?page_id=9"},"modified":"2015-10-07T00:49:54","modified_gmt":"2015-10-07T00:49:54","slug":"home","status":"publish","type":"page","link":"https:\/\/cinemascop.eu\/2014\/","title":{"rendered":"Gala filmului de autor"},"content":{"rendered":"<div class=\"demo-sep\" style=\"margin-top: -30px;\"><\/div>\n<div class=\"one_fourth\"><a href=\"https:\/\/cinemascop.eu\/2014\/filme\/deux-jours-une-nuit\/\"><img decoding=\"async\" loading=\"lazy\" class=\"alignnone size-full wp-image-1058\" style=\"border: 1px solid #d6d6d6;\" src=\"https:\/\/cinemascop.eu\/2014\/wp-content\/uploads\/2014\/Afise\/Deux-Jours.jpg\" alt=\"Deux Jours, Une Nuit\" width=\"168\" height=\"249\" \/><\/a><br \/>\n<\/div>\n<div class=\"one_fourth\"><a href=\"https:\/\/cinemascop.eu\/2014\/filme\/la-jaula-de-oro\/\"><img decoding=\"async\" loading=\"lazy\" class=\"alignnone size-full wp-image-1172\" style=\"border: 1px solid #d6d6d6;\" src=\"https:\/\/cinemascop.eu\/2014\/wp-content\/uploads\/2014\/Afise\/Jaula-de-Oro.jpg\" alt=\"La Jaula de Oro\" width=\"168\" height=\"249\" \/><\/a><br \/>\n<\/div>\n<div class=\"one_fourth\"><a href=\"https:\/\/cinemascop.eu\/2014\/filme\/maps-to-the-stars\/\"><img decoding=\"async\" loading=\"lazy\" class=\"alignnone size-full wp-image-1140\" style=\"border: 1px solid #d6d6d6;\" src=\"https:\/\/cinemascop.eu\/2014\/wp-content\/uploads\/2014\/Afise\/Maps-Stars.jpg\" alt=\"Maps to the Stars\" width=\"171\" height=\"249\" \/><\/a><br \/>\n<\/div>\n<div class=\"one_fourth last\"><a href=\"https:\/\/cinemascop.eu\/2014\/filme\/leviathan\/\"><img decoding=\"async\" loading=\"lazy\" class=\"alignnone size-full wp-image-1176\" style=\"border: 1px solid #d6d6d6;\" src=\"https:\/\/cinemascop.eu\/2014\/wp-content\/uploads\/2014\/Afise\/Leviathan.jpg\" alt=\"Leviathan\" width=\"168\" height=\"249\" \/><\/a><br \/>\n<\/div><div class=\"clearboth\"><\/div>\n<div class=\"two_third\">\n<p>&nbsp;<\/p>\n<h2>\u00cen noiembrie \u0219i decembrie ora\u0219ul t\u0103u g\u0103zduie\u0219te GALA FILMULUI DE AUTOR<\/h2>\n<p>Cele mai bune filme de autor, premiate la marile festivaluri interna\u021bionale ajung acum \u00een toat\u0103 \u021bara \u00eentr-un eveniment de excep\u021bie organizat de CINEMASCOP cu sprijinul Centrului Na\u021bional al Cinematografiei.<\/p>\n<p>David CRONENBERG, Julianne MOORE, Robert PATTINSON, John CUSACK, Jean-Pierre &#038; Luc DARDENNE, Marion COTILLARD, Lars von TRIER, Jim JARMUSCH, Tilda SWINTON sunt regizorii \u0219i actorii pe care \u00eei vei descoperi \u00een filmele care ajung pentru prima oar\u0103 \u00een ora\u0219ul t\u0103u.<\/p>\n<p>Nu le rata!<\/p>\n<p><a href=\"https:\/\/cinemascop.eu\/2014\/program\/sfantu-gheorghe\/\">Sf\u00e2ntu Gheorghe<\/a>, <a href=\"https:\/\/cinemascop.eu\/2014\/program\/fagaras\/\">F\u0103g\u0103ra\u0219<\/a>, <a href=\"https:\/\/cinemascop.eu\/2014\/program\/cugir\/\">Cugir<\/a>, <a href=\"https:\/\/cinemascop.eu\/2014\/program\/hunedoara\/\">Hunedoara<\/a>, <a href=\"https:\/\/cinemascop.eu\/2014\/program\/botosani\/\">Boto\u0219ani<\/a>, <a href=\"https:\/\/cinemascop.eu\/2014\/program\/giurgiu\/\">Giurgiu<\/a>, <a href=\"https:\/\/cinemascop.eu\/2014\/program\/slobozia\/\">Slobozia<\/a>, <a href=\"https:\/\/cinemascop.eu\/2014\/program\/iasi\/\">Ia\u0219i<\/a>, <a href=\"https:\/\/cinemascop.eu\/2014\/program\/falticeni\/\">F\u0103lticeni<\/a>, <a href=\"https:\/\/cinemascop.eu\/2014\/program\/targu-mures\/\">T\u00e2rgu Mure\u0219<\/a>, <a href=\"https:\/\/cinemascop.eu\/2014\/program\/brasov\/\">Bra\u0219ov<\/a><br \/>\n<\/div>\n<div class=\"one_third last\">\n<div class=\"one_half\">\n<div class=\"title\"><h2>Organizator :<\/h2><\/div>\n<img decoding=\"async\" loading=\"lazy\" class=\"alignnone\" style=\"margin-top: 10px;\" src=\"https:\/\/cinemascop.eu\/2014\/wp-content\/uploads\/2013\/03\/logo3-235x90.png\" alt=\"logo3-235x90\" width=\"146\" height=\"56\" \/><br \/>\n<\/div>\n<div class=\"one_half last\">\n<div class=\"title\"><h2>Cu sprijinul :<\/h2><\/div>\n<img decoding=\"async\" loading=\"lazy\" class=\"aligncenter\" src=\"https:\/\/cinemascop.eu\/2014\/wp-content\/uploads\/2013\/03\/CNC-Logo.png\" alt=\"Centrul Na\u021bional al Cinematografiei\" width=\"65\" height=\"65\" \/><br \/>\n<\/div><div class=\"clearboth\"><\/div>\n<div class=\"title\"><h2>\u00cen parteneriat cu :<\/h2><\/div>\n<div class=\"one_half\"><img decoding=\"async\" loading=\"lazy\" style=\"margin-top: 10px;\" src=\"https:\/\/cinemascop.eu\/2014\/wp-content\/uploads\/2013\/03\/voodoo.jpg\" alt=\"voodoo\" width=\"119\" height=\"39\" \/><\/div>\n<div class=\"one_half last\"><img decoding=\"async\" loading=\"lazy\" style=\"margin-top: 5px;\" src=\"https:\/\/cinemascop.eu\/2014\/wp-content\/uploads\/2013\/03\/Sigla-Independenta_film_color.jpg\" alt=\"Sigla Independenta_film_color\" width=\"147\" height=\"51\" \/><\/div><div class=\"clearboth\"><\/div>\n<div class=\"one_half\"><img decoding=\"async\" loading=\"lazy\" style=\"margin-top: 0px; margin-left: 95px;\" src=\"https:\/\/cinemascop.eu\/2014\/wp-content\/uploads\/2013\/03\/logo-macondo_parteneri.png\" alt=\"logo-macondo_parteneri\" width=\"80\" height=\"78\" \/><\/div>\n<p><\/div><div class=\"clearboth\"><\/div>\n<div class=\"one_fourth\"><a href=\"https:\/\/cinemascop.eu\/2014\/filme\/inside-llewyn-davys\/\"><img decoding=\"async\" loading=\"lazy\" class=\"alignnone size-full wp-image-1138\" style=\"border: 1px solid #d6d6d6;\" src=\"https:\/\/cinemascop.eu\/2014\/wp-content\/uploads\/2014\/Afise\/Llewyn-Davis.jpg\" alt=\"Inside Llewyn Davis\" width=\"162\" height=\"249\" \/><\/a><br \/>\n<\/div>\n<div class=\"one_fourth\"><a href=\"https:\/\/cinemascop.eu\/2014\/filme\/like-father-like-son\/\"><img decoding=\"async\" loading=\"lazy\" class=\"alignnone size-full wp-image-1139\" style=\"border: 1px solid #d6d6d6;\" src=\"https:\/\/cinemascop.eu\/2014\/wp-content\/uploads\/2014\/Afise\/Like-Father.jpg\" alt=\"Like Father, Like Son\" width=\"168\" height=\"249\" \/><\/a><br \/>\n<\/div>\n<div class=\"one_fourth\"><a href=\"https:\/\/cinemascop.eu\/2014\/filme\/nymphomaniac-volumul-1\/\"><img decoding=\"async\" loading=\"lazy\" class=\"alignnone size-full wp-image-1059\" style=\"border: 1px solid #d6d6d6;\" src=\"https:\/\/cinemascop.eu\/2014\/wp-content\/uploads\/2014\/Afise\/Nymphomaniac-1.jpg\" alt=\"Nymphomaniac: Volumul 1\" width=\"172\" height=\"249\" \/><\/a><br \/>\n<\/div>\n<div class=\"one_fourth last\"><a href=\"https:\/\/cinemascop.eu\/2014\/filme\/only-lovers-left-alive\/\"><img decoding=\"async\" loading=\"lazy\" class=\"alignnone size-full wp-image-1141\" style=\"border: 1px solid #d6d6d6;\" src=\"https:\/\/cinemascop.eu\/2014\/wp-content\/uploads\/2014\/Afise\/Only-Lovers.jpg\" alt=\"Only Lovers Left Alive\" width=\"168\" height=\"249\" \/><\/a><br \/>\n<\/div><div class=\"clearboth\"><\/div>\n","protected":false},"excerpt":{"rendered":"","protected":false},"author":4,"featured_media":0,"parent":0,"menu_order":0,"comment_status":"open","ping_status":"closed","template":"full-width.php","meta":[],"_links":{"self":[{"href":"https:\/\/cinemascop.eu\/2014\/wp-json\/wp\/v2\/pages\/9"}],"collection":[{"href":"https:\/\/cinemascop.eu\/2014\/wp-json\/wp\/v2\/pages"}],"about":[{"href":"https:\/\/cinemascop.eu\/2014\/wp-json\/wp\/v2\/types\/page"}],"author":[{"embeddable":true,"href":"https:\/\/cinemascop.eu\/2014\/wp-json\/wp\/v2\/users\/4"}],"replies":[{"embeddable":true,"href":"https:\/\/cinemascop.eu\/2014\/wp-json\/wp\/v2\/comments?post=9"}],"version-history":[{"count":5,"href":"https:\/\/cinemascop.eu\/2014\/wp-json\/wp\/v2\/pages\/9\/revisions"}],"predecessor-version":[{"id":1530,"href":"https:\/\/cinemascop.eu\/2014\/wp-json\/wp\/v2\/pages\/9\/revisions\/1530"}],"wp:attachment":[{"href":"https:\/\/cinemascop.eu\/2014\/wp-json\/wp\/v2\/media?parent=9"}],"curies":[{"name":"wp","href":"https:\/\/api.w.org\/{rel}","templated":true}]}}