{"id":1236,"date":"2015-11-20T22:00:56","date_gmt":"2015-11-20T20:00:56","guid":{"rendered":"https:\/\/cinemascop.eu\/2015\/?page_id=1236"},"modified":"2015-11-23T18:16:03","modified_gmt":"2015-11-23T16:16:03","slug":"brasov","status":"publish","type":"page","link":"https:\/\/cinemascop.eu\/2015\/program\/brasov\/","title":{"rendered":"BRA\u0218OV"},"content":{"rendered":"<div class=\"fusion-title title fusion-title-size-one\"><h1 class=\"title-heading-left\">BRA\u0218OV \u2013 20-22 noiembrie<\/h1><div class=\"title-sep-container\"><div class=\"title-sep sep-double sep-solid\" style=\"border-color:#7b002c;\"><\/div><\/div><\/div><span style=\"margin-right:25px;float:left;\" class=\"fusion-imageframe imageframe-none imageframe-1 hover-type-none\"><a href=\"https:\/\/cinemascop.eu\/2015\/wp-content\/uploads\/2015\/11\/Gala_Filmului_Autor-Brasov.jpg\" class=\"fusion-lightbox\" data-rel=\"iLightbox[69f5ee8128730]\" data-title=\"Afi\u0219 \u2013 Gala Filmului de Autor, Bra\u0219ov\"> <img decoding=\"async\" alt=\"Afi\u0219 \u2013 Gala Filmului de Autor, Bra\u0219ov\" src=\"https:\/\/cinemascop.eu\/2015\/wp-content\/uploads\/2015\/11\/Gala_Filmului_Autor-Brasov.jpg\" width=\"500\" class=\"img-responsive\"\/><\/a><\/span><h3 style=\"text-align: justify; color: #7b002c;\"><strong>CINEMATECA PATRIA<\/strong><\/h3>\n<p style=\"text-align: justify;\"><strong>Vineri, 20 noiembrie<\/strong><br \/>\n20:00 Dhepan<\/p>\n<p style=\"text-align: justify;\"><strong>S\u00e2mb\u0103t\u0103, 21 noiembrie<\/strong><br \/>\n17:00 Ora\u0219ul C\u00e2inilor<br \/>\n19:30 Amy<\/p>\n<p style=\"text-align: justify;\"><strong>Duminic\u0103, 22 noiembrie<\/strong><br \/>\n17:00 Capital Uman<br \/>\n19:00 Familia Belier<\/p>\n\n","protected":false},"excerpt":{"rendered":"","protected":false},"author":4,"featured_media":0,"parent":24,"menu_order":1,"comment_status":"open","ping_status":"closed","template":"side-navigation.php","meta":[],"_links":{"self":[{"href":"https:\/\/cinemascop.eu\/2015\/wp-json\/wp\/v2\/pages\/1236"}],"collection":[{"href":"https:\/\/cinemascop.eu\/2015\/wp-json\/wp\/v2\/pages"}],"about":[{"href":"https:\/\/cinemascop.eu\/2015\/wp-json\/wp\/v2\/types\/page"}],"author":[{"embeddable":true,"href":"https:\/\/cinemascop.eu\/2015\/wp-json\/wp\/v2\/users\/4"}],"replies":[{"embeddable":true,"href":"https:\/\/cinemascop.eu\/2015\/wp-json\/wp\/v2\/comments?post=1236"}],"version-history":[{"count":5,"href":"https:\/\/cinemascop.eu\/2015\/wp-json\/wp\/v2\/pages\/1236\/revisions"}],"predecessor-version":[{"id":1642,"href":"https:\/\/cinemascop.eu\/2015\/wp-json\/wp\/v2\/pages\/1236\/revisions\/1642"}],"up":[{"embeddable":true,"href":"https:\/\/cinemascop.eu\/2015\/wp-json\/wp\/v2\/pages\/24"}],"wp:attachment":[{"href":"https:\/\/cinemascop.eu\/2015\/wp-json\/wp\/v2\/media?parent=1236"}],"curies":[{"name":"wp","href":"https:\/\/api.w.org\/{rel}","templated":true}]}}

BRAȘOV

<div class="fusion-title title fusion-title-size-one"><h1 class="title-heading-left">BRAȘOV – 20-22 noiembrie</h1><div class="title-sep-container"><div class="title-sep sep-double sep-solid" style="border-color:#7b002c;"></div></div></div><span style="margin-right:25px;float:left;" class="fusion-imageframe imageframe-none imageframe-1 hover-type-none"><a href="https://cinemascop.eu/2015/wp-content/uploads/2015/11/Gala_Filmului_Autor-Brasov.jpg" class="fusion-lightbox" data-rel="iLightbox[69f5ee8128730]" data-title="Afiș – Gala Filmului de Autor, Brașov"> <img decoding="async" alt="Afiș – Gala Filmului de Autor, Brașov" src="https://cinemascop.eu/2015/wp-content/uploads/2015/11/Gala_Filmului_Autor-Brasov.jpg" width="500" class="img-responsive"/></a></span><h3 style="text-align: justify; color: #7b002c;"><strong>CINEMATECA PATRIA</strong></h3>
<p style="text-align: justify;"><strong>Vineri, 20 noiembrie</strong><br />
20:00 Dhepan</p>
<p style="text-align: justify;"><strong>Sâmbătă, 21 noiembrie</strong><br />
17:00 Orașul Câinilor<br />
19:30 Amy</p>
<p style="text-align: justify;"><strong>Duminică, 22 noiembrie</strong><br />
17:00 Capital Uman<br />
19:00 Familia Belier</p>
