{"id":672,"date":"2013-08-30T11:03:13","date_gmt":"2013-08-30T11:03:13","guid":{"rendered":"https:\/\/cinemascop.eu\/2015\/?page_id=672"},"modified":"2017-09-12T16:13:18","modified_gmt":"2017-09-12T14:13:18","slug":"qed","status":"publish","type":"page","link":"https:\/\/cinemascop.eu\/2015\/filme\/qed\/","title":{"rendered":"Q.E.D."},"content":{"rendered":"<div class=\"fusion-title title fusion-title-size-one\"><h1 class=\"title-heading-left\">Q.E.D. (2015)<\/h1><div class=\"title-sep-container\"><div class=\"title-sep sep-double sep-solid\" style=\"border-color:#7b002c;\"><\/div><\/div><\/div><p style=\"text-align: justify;\">Regia: Andrei Gruzsniczki<br \/>\n\u021aara: Rom\u00e2nia<br \/>\nDurata: 107 minute<br \/>\nDistribu\u021bia: Ofelia Popii, Sorin Leoveanu, Florin Piersic Jr.<\/p>\n<div class=\"fusion-sep-clear\"><\/div><div class=\"fusion-separator fusion-full-width-sep sep-none\" style=\"border-color:#e0dede;margin-left: auto;margin-right: auto;margin-top:20px;\"><\/div><p style=\"text-align: justify;\">Rom\u00e2nia, 1984. Decizia unui matematician de a publica o lucrare \u00eentr-o revist\u0103 a unei universit\u0103\u021bi americane, f\u0103r\u0103 s\u0103 cear\u0103 permisiunea autorit\u0103\u021bilor comuniste, va declan\u0219a un lan\u021b de evenimente care va schimba vie\u021bile celor din jurul s\u0103u. P\u00e2n\u0103 la urm\u0103, nu exist\u0103 decizii f\u0103r\u0103 consecin\u021be.<\/p>\n<div class=\"fusion-sep-clear\"><\/div><div class=\"fusion-separator fusion-full-width-sep sep-none\" style=\"border-color:#e0dede;margin-left: auto;margin-right: auto;margin-top:10px;\"><\/div><div class=\"fusion-title title fusion-title-size-two\"><h2 class=\"title-heading-left\">Trailer<\/h2><div class=\"title-sep-container\"><div class=\"title-sep sep-single sep-solid\" style=\"border-color:#7b002c;\"><\/div><\/div><\/div><div class=\"fusion-video fusion-youtube\" style=\"max-width:781pxpx;max-height:450pxpx;\"><div class=\"video-shortcode\"><iframe title=\"YouTube video player\" src=\"https:\/\/www.youtube.com\/embed\/R71s3e7vnBQ?wmode=transparent&autoplay=0\" width=\"781px\" height=\"450px\" frameborder=\"0\" allowfullscreen><\/iframe><\/div><\/div>\n","protected":false},"excerpt":{"rendered":"","protected":false},"author":4,"featured_media":0,"parent":730,"menu_order":3,"comment_status":"open","ping_status":"closed","template":"side-navigation.php","meta":[],"_links":{"self":[{"href":"https:\/\/cinemascop.eu\/2015\/wp-json\/wp\/v2\/pages\/672"}],"collection":[{"href":"https:\/\/cinemascop.eu\/2015\/wp-json\/wp\/v2\/pages"}],"about":[{"href":"https:\/\/cinemascop.eu\/2015\/wp-json\/wp\/v2\/types\/page"}],"author":[{"embeddable":true,"href":"https:\/\/cinemascop.eu\/2015\/wp-json\/wp\/v2\/users\/4"}],"replies":[{"embeddable":true,"href":"https:\/\/cinemascop.eu\/2015\/wp-json\/wp\/v2\/comments?post=672"}],"version-history":[{"count":5,"href":"https:\/\/cinemascop.eu\/2015\/wp-json\/wp\/v2\/pages\/672\/revisions"}],"predecessor-version":[{"id":1683,"href":"https:\/\/cinemascop.eu\/2015\/wp-json\/wp\/v2\/pages\/672\/revisions\/1683"}],"up":[{"embeddable":true,"href":"https:\/\/cinemascop.eu\/2015\/wp-json\/wp\/v2\/pages\/730"}],"wp:attachment":[{"href":"https:\/\/cinemascop.eu\/2015\/wp-json\/wp\/v2\/media?parent=672"}],"curies":[{"name":"wp","href":"https:\/\/api.w.org\/{rel}","templated":true}]}}